e 0 = -4*l - 3*a + 64, a = 5*a. Suppose -2*o + l = 5*f - 19, -o = -f. Suppose 18*d = 11*d + 280. What is the greatest common divisor of d and o?
5
Let g(s) = 2*s**3 - s**2 - 2*s - 1. Let d be g(-1). Let c be 4/d + 2 + 17. Let u be (-6)/(-4) + (-1515)/(-10). What is the highest common divisor of u and c?
17
Suppose 0 = -3*z + 4*p + 139, 0 = 4*p - 0 + 4. Let m be 124/10 + (-18)/z. Suppose 5*f - 4*f = 132. Calculate the highest common divisor of m and f.
12
Let t(u) = -u**2 + 8*u. Suppose 0 = -5*j + 27 + 3. Let z be t(j). Suppose q = -q + z. What is the highest common divisor of 42 and q?
6
Let o be (-1)/1 - (-15 + 1). Let r(f) = f**2 + 4. Let z be r(3). Calculate the highest common factor of z and o.
13
Suppose -5*m = -269 - 51. What is the highest common divisor of 8 and m?
8
Let p be (52/6)/(2/6). Let x be -1 + 0 - (-40)/1. What is the highest common divisor of p and x?
13
Let k be 1/4 + 316/16. Let v(x) = -x + 3. Let z be v(-7). What is the highest common divisor of k and z?
10
Let h(x) = 10*x**2 + 0*x**2 - 3*x**2. Let a be h(1). Suppose 0 = 4*z + 2*f - 90, z = f + 20 + a. Calculate the highest common factor of z and 16.
8
Let s be ((26*2)/(-4))/(-1). Let q = s - 4. Calculate the greatest common divisor of 9 and q.
9
Let i = 10 + -8. Calculate the greatest common divisor of 16 and i.
2
Suppose 3*r - 5*q = -r + 257, 5*r = -4*q + 311. Calculate the highest common divisor of 42 and r.
21
Suppose -y = 4*q - 164, 4*y - 16 = -0*y. What is the highest common divisor of 20 and q?
20
Suppose 4*s = -0*s + 4. Let v be 13*(-1 - -2) + s. Calculate the highest common divisor of 21 and v.
7
Let t be (84/(-9))/(2/(-3)). Suppose -2*r + 309 = 1. What is the highest common factor of t and r?
14
Suppose 0*m - 4*m = -32. What is the greatest common factor of m and 12?
4
Let d be (-2)/3*(-11 - -2). Let i = d - 3. Let c(q) = q**3 - 9*q**2 + 10*q - 13. Let o be c(8). Calculate the highest common divisor of i and o.
3
Let w be 320/28*14/4. What is the greatest common divisor of 16 and w?
8
Suppose 0 = 5*d - 92 + 2. What is the greatest common divisor of d and 18?
18
Let b = 8 + 5. Let v = 9 - b. Let u be (-3)/v - 5/(-20). What is the greatest common factor of 5 and u?
1
Let f be (6/(-15))/((-1)/840). Calculate the highest common factor of f and 28.
28
Let d(r) = r**3 - 4*r**2 - r + 2. Let l be d(4). Let o be (-33)/l*(-2 + 4). Calculate the greatest common factor of 11 and o.
11
Suppose 3*q - 3 + 0 = 0. Calculate the highest common divisor of q and 7.
1
Suppose 0 = -5*i + 4*k + 538, -4*k + 122 = 3*i - 2*i. Calculate the highest common factor of i and 22.
22
Suppose 4*g - 171 = -5*g. Calculate the greatest common factor of 247 and g.
19
Suppose -9 = -5*j + 1. Let l be (j - 58)/((-1)/2). What is the highest common factor of l and 14?
14
Let z(s) = 3*s**3 - 21*s**2 + 2*s - 12. Let y be z(7). Let h be (-32)/(-14) + (-2)/7. Calculate the highest common divisor of y and h.
2
Let c = -4 - -8. Suppose 3*r + 3*b = -15, 7 = -c*r + 5*b + 23. Let n = 5 - r. Calculate the greatest common factor of n and 6.
6
Suppose 20 = 4*w - 20. Let a = -4 + w. What is the highest common factor of a and 15?
3
Let v(m) = 36*m - 2. Let r be v(4). Let w = -98 + r. Calculate the highest common divisor of 4 and w.
4
Let q be 3/2*(-8)/3. Let g be (2/q)/(2/(-120)). What is the greatest common divisor of g and 15?
15
Let s(u) = -u**2 + 14*u + 2. Let q be s(14). Let m = q - -9. Calculate the greatest common factor of 77 and m.
11
Suppose -3*k = -4*q - 23, 2*k - 19 = -3*q - 3*k. Let u be 1/q - 178/(-4). Suppose -s + 0 = -u. What is the greatest common factor of 4 and s?
4
Suppose 5*n - 19 = -159. Let d = -15 - n. Let y = d - -31. Calculate the greatest common divisor of y and 11.
11
Let v = 56 - 34. Calculate the highest common factor of v and 110.
22
Suppose -6 = 4*s + l - 15, 3*s = -5*l - 6. Calculate the highest common factor of 2 and s.
1
Let s(j) = 9*j**2 - 8 + 3*j + j**3 - 4*j + 0*j**2. Let p be s(-8). What is the highest common factor of 8 and p?
8
Let w be 25 + (1/(-2))/(1/(-2)). Calculate the greatest common divisor of 221 and w.
13
Let o(h) = -9*h + 1. Let w be (-1)/1 - 2/1. Let p = w + 1. Let y be o(p). Calculate the highest common factor of y and 57.
19
Let p = 176 + -148. Suppose -l - 3*l + 781 = -j, -4*l + 772 = -4*j. Calculate the greatest common divisor of l and p.
28
Suppose -2*l + 2*s - 8 = -2*s, -l + 3*s - 9 = 0. Let u be 42*(-1 - (-9)/l). Calculate the highest common factor of u and 231.
21
Let o(j) be the second derivative of j**5/20 - j**4/12 - j**2 - 2*j. Let s be o(3). Let y = s + -9. What is the highest common factor of y and 49?
7
Let m(k) = k**2 + k. Let c be m(-2). Suppose 5*n - r - 29 = 0, -n + 5*r = -c*n - 15. Suppose n*b + 18 = 68. What is the greatest common divisor of b and 90?
10
Let d(f) = 10*f**3 + 2*f**2 - f - 1. Let a be d(1). Let u(h) = 2*h**3 - 3*h**2 + 2*h + 2. Let s be u(4). What is the highest common divisor of a and s?
10
Let s(d) = -3 + 4*d - 2 + d - d. Let g be s(4). Suppose 0 = -q - 3 + g. What is the greatest common divisor of 24 and q?
8
Let q = -9 + 13. Suppose 4*z + 0*z - 97 = c, q*c = -3*z + 68. Calculate the highest common factor of z and 192.
24
Let t = -2 + 50. Let r be 1/((-5)/16)*-5. What is the highest common factor of t and r?
16
Let p(t) = t**2 - 13*t + 3. Let a be p(13). Let z(b) = b**3 - 11*b**2 + 11*b - 7. Let k be z(10). What is the highest common divisor of a and k?
3
Let j be (4/(-2) - -3) + 1. Let s be j - (-1)/((-1)/9). Let y(f) = -6*f - 8. Let c be y(s). What is the highest common divisor of 17 and c?
17
Suppose -8 = 4*p - 2*m, -5 = -4*p - 3*m + 7. Suppose -2*n - 6 + 0 = p. Let v be 33*((-4)/n + -1). What is the greatest common divisor of v and 33?
11
Suppose u = 17 + 13. Suppose i - 40 = 3*k + 50, 3*i - 125 = 4*k. Let j = k - -41. What is the highest common factor of u and j?
6
Suppose 0 = -6*r - 0*r - 30. Let t(x) = 2*x**2 - 3*x + 1. Let g be t(3). Let f = r + g. What is the greatest common divisor of 2 and f?
1
Let g = -24 - -14. Let n be -35*(46/g + 1). Calculate the highest common factor of 18 and n.
18
Suppose -14 = -3*q + z + 11, -4*q - 4*z = -44. Calculate the greatest common factor of q and 1.
1
Suppose 5*z + 2 - 32 = 0. Let a = z - -24. Calculate the greatest common divisor of 15 and a.
15
Let a(g) = -g**2 - 14*g - 16. Let s be 164/(-14) - 6/21. Let h be a(s). Let d = -8 - -12. What is the greatest common divisor of h and d?
4
Suppose 0*g = -3*g + 2*p + 96, -4*g + 121 = -5*p. What is the highest common factor of 17 and g?
17
Let y(i) = i**2 + 4*i + 5. Let m(o) = o - 5. Let q be m(0). Let a be y(q). Let r(l) = 6*l - 28. Let s be r(5). Calculate the highest common factor of s and a.
2
Let g(l) = -16*l + 96. Let r be g(0). Calculate the highest common divisor of r and 72.
24
Let s(t) = -6*t - 1. Let n be s(-4). Suppose 5*z + n = 148. Let l = 240 + -235. Calculate the greatest common factor of z and l.
5
Suppose 4*j + 0*j - 8 = 0, 0 = -3*x + 2*j + 2. Suppose -x*w + 6*w = 396. What is the greatest common factor of w and 11?
11
Suppose -46 - 2 = -3*m. What is the greatest common factor of m and 4?
4
Let d = 6 + -2. Let z be 1*d*(-6 + 3). Let c be ((-9)/6)/(2/z). What is the highest common divisor of 9 and c?
9
Suppose -2*z + z + 2 = 0. Suppose -3*l - 472 = -8*l - 4*d, z*l - 5*d - 202 = 0. Calculate the greatest common factor of l and 24.
24
Let c = 20 + -37. Let x be (1 - 0) + (2 - c). Let q(f) = 8*f. Let g be q(1). Calculate the highest common factor of x and g.
4
Let s(y) = y**2 - 6*y - 3. Let f be s(5). Let z = -21 - f. Let k = 22 + z. Calculate the greatest common factor of k and 63.
9
Let x = -3 - -14. Suppose 0*j = 3*j - 6, -66 = -n + 2*j. Suppose -2*k - 4 + n = 0. Calculate the greatest common factor of x and k.
11
Let r be (-8)/32 + 1/4. Suppose r = w + b - 35, 29 = 5*w - 4*b - 101. What is the highest common factor of w and 45?
15
Suppose -v + 2*z = -44, -4*z = v - 74 + 6. Calculate the greatest common divisor of v and 78.
26
Let i = -8 + 14. What is the highest common divisor of i and 6?
6
Suppose 3*v + 13 - 187 = -4*f, 5*f - 2*v - 206 = 0. Suppose d - f = -2*d. Calculate the greatest common divisor of 21 and d.
7
Suppose -2*h + 85 = 3*h. Let j = -13 + h. What is the highest common divisor of j and 36?
4
Suppose 3*o + 